n divisor of r and w?
14
Suppose 0*a - a + 3*l - 10 = 0, 5*a - 50 = -5*l. Let c(u) = 3*u**3 - 7*u**2 + 4*u + 4. Let p be c(a). Calculate the greatest common divisor of 32 and p.
32
Let l(w) = w**2 - 4*w + 27. Let g be l(7). What is the highest common divisor of 80 and g?
16
Suppose 0 = -n + 17 + 8. Suppose 0*r + 10 = -2*r, -2*l + 4*r = -30. What is the highest common divisor of n and l?
5
Suppose -59 = -4*z + 149. Let h be 2/(-2)*-3*1. Suppose -2*j + 4*u = -h*j + 25, -3*j - 3*u = -48. What is the highest common factor of z and j?
13
Suppose a - 9 = 3. Suppose -64 = 3*u - 460. Calculate the highest common factor of a and u.
12
Suppose -5*q = -69 + 59. What is the greatest common divisor of q and 9?
1
Let i = -6 - -6. Suppose i = 3*f + 2*f - 405. What is the greatest common factor of f and 9?
9
Let u(t) = -t**2 + 10*t + 6. Let p(c) = -c + 12. Let v be p(7). Let k be u(v). Let o = 14 + k. What is the highest common divisor of 15 and o?
15
Let r = 1127 - 1001. Let f = -25 + -3. Let l = 46 + f. Calculate the greatest common divisor of l and r.
18
Let h(y) = y**2 - 7*y - 16. Let j be h(11). Calculate the highest common divisor of 224 and j.
28
Suppose -5*j + 11 = -139. What is the greatest common factor of j and 150?
30
Suppose -485 - 945 = -5*w. Calculate the greatest common divisor of 26 and w.
26
Suppose -2*k + 3*k - h = -6, -4*k - h - 29 = 0. Let w = k + 27. Calculate the greatest common factor of w and 80.
20
Suppose -7*h - 177 + 1017 = 0. Let m(t) = -t**2 + t + 10. Let o be m(0). Let a = o + 5. Calculate the greatest common factor of h and a.
15
Let u be 12/(-5) - (-10)/25 - -7. What is the highest common divisor of 15 and u?
5
Let n(h) = -7*h - 3. Let y be n(-3). Suppose -12*u + 9*u = -36. What is the greatest common factor of u and y?
6
Let c(b) = -2*b + 6. Let w be c(-5). Let d be (0 - 0)/(4/2). Let v = 4 - d. What is the highest common factor of w and v?
4
Let r be (30/(-24))/(-5) - 1958/(-8). What is the highest common factor of r and 98?
49
Suppose 5*a + 0*a - 4*j - 28 = 0, 5*a - 30 = 5*j. Let k(p) = 0*p**2 + 5 - 3*p + p**2 - 3 + 2. Let z be k(a). Calculate the highest common factor of 20 and z.
4
Let w be 3/12 - 2/8. Suppose 5*s = -w*s + 30. Suppose n - s = -x + 4, -2*x + 32 = 4*n. Calculate the highest common factor of 66 and n.
6
Suppose 8 = 5*c - 2. Suppose c*q + 2*s - 65 + 15 = 0, -s + 85 = 3*q. Calculate the greatest common factor of q and 20.
10
Let h = 136 + -127. Let x = -18 - -45. Calculate the greatest common factor of h and x.
9
Suppose 43 = 5*p - 32. Let y = 4 - 1. Calculate the greatest common factor of p and y.
3
Suppose -25 + 10 = -5*f. Suppose -f*x - 15 = -2*d + 3*d, 2*d + x = -10. Let p = d + 33. What is the highest common factor of 75 and p?
15
Let a = -12 - -10. Let s(z) = -5*z**3 - 3*z**2 - z. Let b be s(a). What is the highest common factor of b and 6?
6
Let m be 10/20 - 123/(-6). What is the greatest common factor of 35 and m?
7
Let p = 16 + -11. Calculate the greatest common factor of 105 and p.
5
Suppose -5*z + 4*q = -44, 3*z + 6*q = 3*q + 48. What is the greatest common divisor of z and 12?
12
Let o be ((-8)/10)/((-6)/15). Suppose o*w - 20 = 3*s, w = 3*w - s - 28. Suppose 0*c = 2*c - w. What is the highest common divisor of 24 and c?
8
Suppose 2 - 23 = -y. Calculate the greatest common factor of 49 and y.
7
Let g(b) = -4*b**3 + 10*b**2 - 6*b + 5. Let w(q) = q**3 - q - 1. Let x(p) = -g(p) - 3*w(p). Let i be x(10). What is the highest common divisor of 8 and i?
8
Suppose -h = 2*b - 338, -h - 938 = -4*b - 262. Suppose b = 3*y - 2*r + 2, -y = -r - 55. What is the greatest common divisor of 19 and y?
19
Let s be 6/4*((-196)/(-21) + -2). What is the highest common divisor of 22 and s?
11
Let o = 7 - 6. Calculate the greatest common divisor of 5 and o.
1
Suppose -u + 4*c = 18, 2*c = 9*u - 7*u + 6. Let j = -1 - -4. Suppose 36 = -j*d + 5*d. What is the highest common divisor of u and d?
2
Suppose 3*r - 18 = 30. Let y be (r/(-10))/(4/(-200)). Let s(i) = 21*i**2 - 1. Let x be s(1). Calculate the highest common divisor of x and y.
20
Let v be (8 - 1)/(1/(-5)). Let d = -24 - v. Suppose -4*h = -6*h + 154. Calculate the highest common factor of h and d.
11
Suppose 4*q = 0, 9*q = w + 4*q - 100. Calculate the highest common factor of w and 40.
20
Suppose -5*a - 39 - 56 = -5*l, -4*l - 5*a + 94 = 0. Let q be 2/((8/l)/4). Calculate the highest common divisor of 147 and q.
21
Suppose -10*n + 6*n = -16. What is the highest common factor of n and 116?
4
Suppose x = -1, -3*x - 21 = -3*m - 6*x. Let n = -3 - -5. Let l be 47 - n/(-2 + 0). Calculate the highest common factor of m and l.
8
Suppose -s - 3 = -7. Let x be (3 + -1)*10/s. Let c be 7/28 - (495/(-4))/5. Calculate the highest common factor of x and c.
5
Let a be ((-12)/(-15))/(2/70). Calculate the greatest common factor of a and 112.
28
Let z = -35 - -48. Let s = 210 + -93. Calculate the greatest common divisor of s and z.
13
Let b = 33 + -13. What is the greatest common divisor of 100 and b?
20
Suppose -19*d + 507 + 139 = 0. What is the greatest common divisor of d and 85?
17
Suppose 7*z = 2*z - 5. Let f be z/(-7) - 54/(-14). Let a be -1 + (-1 - 0) - -6. What is the greatest common divisor of f and a?
4
Let i be 83/9 + (-6)/27. Let j = i + -4. What is the highest common factor of j and 40?
5
Let q(h) = h**2 + 6. Let o be q(5). Let w be (1 - 2) + -2 + 127. What is the highest common divisor of o and w?
31
Suppose -l - 3*v - 8 = -5*l, 3*v = -3*l + 6. Suppose -3*u = -32 + l. Calculate the highest common divisor of u and 5.
5
Suppose -v - 5*b = -3, 2*v - 10 = -4*b + 20. Calculate the highest common factor of 23 and v.
23
Let z(c) = -2*c**2 + 4*c**2 + 8*c + 2 - 2*c + 0. Let w be z(-5). Suppose 0 = -d - 2*u + 11, u + w = 5*d - 0*u. Calculate the greatest common factor of d and 2.
1
Let q = -21 + 61. Let f(p) = -8*p**3 + 7*p**3 + p - 5 + p - 4*p**2. Let b be f(-5). Calculate the greatest common factor of q and b.
10
Suppose 0 = 9*q - 4*q - 30. Calculate the highest common divisor of 6 and q.
6
Suppose 13 = 2*j + x, 2*x + 30 = 3*j - 0*x. Let c = -11 - 62. Let k = -33 - c. What is the greatest common divisor of j and k?
8
Let z(n) = -n**3 - 10*n**2 + 11*n - 2. Let h = 0 - 12. Let j be z(h). What is the greatest common divisor of 14 and j?
14
Suppose 12*o - 6*o = 180. Calculate the highest common factor of o and 105.
15
Let s(m) = -6*m**2 + 2*m - 2. Let d be s(2). Let f = d + 42. Calculate the highest common factor of 30 and f.
10
Suppose -4*q + 4*p + 240 = 0, -5*q + 2*q - 2*p + 160 = 0. Suppose 70 = 4*v + v - 3*u, 5*u = 0. Calculate the highest common factor of v and q.
14
Let v be 26 + (2 + -3)*-1. Calculate the greatest common factor of v and 9.
9
Suppose -5*h + 449 = -191. What is the greatest common divisor of h and 16?
16
Let t be (-3)/(-12) - (-129)/(-4). Let q = -16 - t. What is the greatest common divisor of 2 and q?
2
Suppose 2*u = -0*u + 12. Let h be (0 - u/2) + 5. Let i be (16 + -3)*(h + -1). What is the greatest common factor of 104 and i?
13
Suppose -4*d = -7*d + 108. Calculate the highest common factor of d and 252.
36
Let v(r) = -r + 3. Let z(q) = -3 - 5*q + 1 + 1. Let p be z(1). Let x be v(p). Calculate the greatest common divisor of 81 and x.
9
Let i(c) = -7*c - 6 + 6. Let l be i(-1). Suppose -2*k = -4*q + 186, -l*k = -2*k + 25. What is the highest common divisor of q and 11?
11
Let z = -162 - -182. Let l(j) = 220*j**2 - j + 1. Let f be l(1). Calculate the highest common factor of f and z.
20
Let t(l) = -2*l**2 + 1. Let q be t(1). Let u be 110/(q/2*-2). What is the highest common divisor of 10 and u?
10
Let t be (-28)/(-2) - (9 + -9). Suppose -84 = -2*k - 0*k. What is the greatest common factor of k and t?
14
Let q be 10/1*(-8)/(-10). What is the highest common divisor of 24 and q?
8
Suppose g - 105 = -5*j, j - g - 15 = 6. Suppose -3*b + 18 + j = 0. Calculate the highest common divisor of b and 91.
13
Suppose -j + 16 = 2*l, -4*l - 3*j - j + 28 = 0. Suppose a = 28 - 10. Calculate the highest common factor of l and a.
9
Suppose 3*l + 70 = -62. Let v = 52 - l. Calculate the highest common factor of 16 and v.
16
Let f be 3 - (0/(-1) - -2). Let v be (5 - 5) + 1 + f. Suppose -5*t + 3*t + 18 = -4*n, 5*t - 69 = -v*n. What is the highest common divisor of t and 13?
13
Suppose 